-1011021211?
-1011013110
In base 11, what is -275 + 59781a?
597555
In base 8, what is -64544221 - -2?
-64544217
In base 14, what is -13b417 + -23?
-13b43a
In base 14, what is 121878 + 0?
121878
In base 9, what is -3252731 + 4?
-3252726
In base 7, what is 30231516 - 2?
30231514
In base 13, what is a772c6ba - 0?
a772c6ba
In base 2, what is -11011011110100001001101 - -101?
-11011011110100001001000
In base 15, what is 1ce26c - -4?
1ce271
In base 6, what is 4414422414 - -11?
4414422425
In base 14, what is -4c - -151423?
1513b5
In base 6, what is -321330553 + 2?
-321330551
In base 12, what is -1 + -653a6129?
-653a612a
In base 7, what is -26 + -13551033?
-13551062
In base 2, what is 101010110000 - 1001001011?
100001100101
In base 12, what is 8 + 16a7b90?
16a7b98
In base 4, what is 1102300321 + -102?
1102300213
In base 11, what is 17 - -74a49a?
74a506
In base 12, what is -7945301 - -7?
-79452b6
In base 14, what is -140829 + b0?
-140759
In base 6, what is 3443 + -1233002?
-1225115
In base 5, what is -343 - 2211202?
-2212100
In base 8, what is -2753330144 - 0?
-2753330144
In base 2, what is 110 + 100100100111001101111101011?
100100100111001101111110001
In base 2, what is 10 + 1111111111001000010100?
1111111111001000010110
In base 13, what is -8 + 303451ba?
303451b2
In base 14, what is b7 + 55820a?
5582c3
In base 3, what is -10021022112120 - -20110?
-10021022022010
In base 12, what is 4 + -32b5a025?
-32b5a021
In base 2, what is 110010111110000100101 + -100010?
110010111110000000011
In base 3, what is -21211011 - 21211?
-22002222
In base 10, what is -1885315 - -4?
-1885311
In base 3, what is -2220110121 - 1020?
-2220111211
In base 6, what is -30 - 444411?
-444441
In base 16, what is 0 + 955e39e?
955e39e
In base 9, what is -7383 - 1003?
-8386
In base 8, what is 0 + -43406065?
-43406065
In base 4, what is -12 + 2220300013021?
2220300013003
In base 5, what is 440043413 - 2?
440043411
In base 13, what is 33 + -653?
-620
In base 4, what is 2131 + 23020131113?
23020133310
In base 2, what is -100000 - 10011111101111111001010?
-10011111101111111101010
In base 8, what is -32 + 501153?
501121
In base 15, what is 2167 - ea?
206c
In base 5, what is -23 - -2313210231?
2313210203
In base 3, what is -121000110022011 - 11?
-121000110022022
In base 5, what is 1001 - -20111014?
20112020
In base 9, what is 0 + -6886?
-6886
In base 12, what is -109a6a508 - 0?
-109a6a508
In base 4, what is 211111313 - 2331?
211102322
In base 3, what is -12 + 100111010120000210?
100111010120000121
In base 4, what is -22000030301 - 3?
-22000030310
In base 6, what is 133000444 - 2?
133000442
In base 4, what is 202001100 - -13103?
202020203
In base 16, what is -6639 + 104?
-6535
In base 11, what is -2a1a864 + 3?
-2a1a861
In base 8, what is 2342413 - -202?
2342615
In base 11, what is -2531093 - 0?
-2531093
In base 6, what is 113321440 + 1?
113321441
In base 16, what is -4ae8f + -89?
-4af18
In base 11, what is -1485 - -1a830a?
1a6935
In base 6, what is -2114 + 14033551?
14031433
In base 8, what is -130046232 + 1?
-130046231
In base 9, what is -577873106 + -2?
-577873108
In base 12, what is 5800850 + 0?
5800850
In base 5, what is 130344 - -14013442?
14144341
In base 15, what is -3 - -801576?
801573
In base 7, what is 2 - 23345402?
-23345400
In base 3, what is 0 + 10101210022210?
10101210022210
In base 5, what is -30143014 - 333?
-30143402
In base 14, what is 38 + bc362?
bc39a
In base 13, what is -3c35 - -1751?
-24b4
In base 12, what is -511272 - 54?
-511306
In base 11, what is -1 - 16a134?
-16a135
In base 5, what is -324431 + 2113324?
1233343
In base 11, what is -2638477 + 3?
-2638474
In base 13, what is 9 - 2820751?
-2820745
In base 9, what is 66353 - 40?
66313
In base 3, what is 101 - 2000121110202210?
-2000121110202102
In base 12, what is -5351aa - -114?
-535096
In base 3, what is -21100022 - 2010210?
-100111002
In base 5, what is 0 - -122224130?
122224130
In base 12, what is -16 - a6bab9b?
-a6babb5
In base 2, what is 110110101011000111101101 - 0?
110110101011000111101101
In base 15, what is -1c532e + -91?
-1c53c0
In base 2, what is 10110110110010101010101 - -1?
10110110110010101010110
In base 10, what is 9 + 1595798?
1595807
In base 9, what is -24 + -70013368?
-70013403
In base 12, what is 16 + 598793?
5987a9
In base 14, what is -1b2dab25 - 4?
-1b2dab29
In base 11, what is 36551 + -25a5?
33a57
In base 8, what is 3721664 - -371?
3722255
In base 16, what is 167914 - -5d?
167971
In base 15, what is -2ec16 + -44c?
-30163
In base 11, what is -504 - 28526?
-28a2a
In base 7, what is 3 - 512211335?
-512211332
In base 5, what is 423122 - 422313?
304
In base 3, what is 111111 + -2000210021022?
-2000202202211
In base 13, what is -2c6318c + -1?
-2c63190
In base 6, what is 544134 + -4102?
540032
In base 9, what is -2572487 + 232?
-2572255
In base 9, what is -6200618 + 27?
-6200581
In base 7, what is 53003 + 64620?
150623
In base 3, what is 11212212222110112 + -10?
11212212222110102
In base 4, what is -3322301003112 + 3?
-3322301003103
In base 2, what is 10 + -1011000011101000011100100001?
-1011000011101000011100011111
In base 7, what is 200313466 - 16?
200313450
In base 7, what is -1313652536 - 4?
-1313652543
In base 5, what is 113410330002 - 4?
113410324443
In base 11, what is 140 - -90a83?
91113
In base 3, what is 1 - -2221120120201?
2221120120202
In base 7, what is -260 - -1202624?
1202334
In base 15, what is 1b15ee + -16?
1b15d8
In base 16, what is 1d316ee + 0?
1d316ee
In base 12, what is 10b76b63 + 4?
10b76b67
In base 9, what is 4 + 1267815?
1267820
In base 10, what is -14006 - -21854?
7848
In base 9, what is 17 - 22680812?
-22680784
In base 9, what is 378464401 + 2?
378464403
In base 13, what is -b2 - 89574?
-89656
In base 15, what is -5e0767 + 0?
-5e0767
In base 12, what is -10210b1 + 0?
-10210b1
In base 3, what is 212 + 2101021220121?
2101021221110
In base 4, what is 3013220 + 2012022?
11031302
In base 12, what is 1bb6 + -2199b?
-1b9a5
In base 9, what is 3 - 64177678?
-64177675
In base 14, what is 236c23 - -48?
236c6b
In base 15, what is 2ae0de1 - 2?
2ae0dde
In base 4, what is -203301 - 1102232?
-1312133
In base 10, what is 1296 - -32365?
33661
In base 9, what is -248 + 1355333?
1355074
In base 13, what is bb11a97 + 1?
bb11a98
In base 7, what is -33056 - 422465?
-455554
In base 10, what is 6 - -4392528?
4392534
In base 7, what is -252 - 33535?
-34120
In base 16, what is -4 + ca44dd7?
ca44dd3
In base 9, what is 70337401 + -1?
70337400
In base 9, what is 5756 - 54816?
-48050
In base 2, what is -101000100111100 + -10101010?
-101000111100110
In base 15, what is 34e1dc + -21?
34e1bb
In base 4, what is 33030230302 + -21?
33030230221
In base 4, what is -101320031 - 222?
-101320313
In base 14, what is -1725cb + -13?
-172600
In base 11, what is 368516494 + 2?
368516496
In base 8, what is -25105061 + -17?
-25105100
In base 15, what is -13ea - -d10?
-5da
In base 6, what is -41335111 - 35?
-41335150
In base 5, what is 30312412 - -202?
30313114
In base 6, what is 10 + 30001434?
30001444
In base 7, what is 0 + 5115655245?
5115655245
In base 8, what is -207325714 + 1?
-207325713
In base 10, what is 792 + -68089?
-67297
In base 15, what is 6 - -68371d?
683724
In base 11, what is 5837548 + -a?
5837539
In base 10, what is -5316 - 39023?
-44339
In base 8, what is 650520 - -215?
650735
In base 14, what is 183817 + -14?
183803
In base 9, what is -2 + 10071581?
10071578
In base 4, what is 2201203 + -1003303?
1131300
In base 6, what is -1100 - 1350235?
-1351335
In base 9, what is -182846112 + 2?
-182846110
In base 13, what is -11730 - -100?
-11630
In base 12, what is 37a64 + 83?
37b27
In base 12, what is a8281 + -7?
a8276
In base 6, what is -10215042 + 21?
-10215021
In base 7, what is 4 + -1413301446?
-1413301442
In base 7, what is 1 - -1065656605?
1065656606
In base 8, what is -50473471 + 5?
-50473464
In base 4, what is -3120012333300 - -3?
-3120012333231
In base 8, what is -10172 + -530?
-10722
In base 3, what is 1020010 - -11022000?
12112010
In base 9, what is 1618 - -52541?
54260
In base 14, what is 5 - 105a352?
-105a34b
In base 13, what is -10506b46 - -4?
-10506b42
In base 7, what is -1503016 - -3?
-1503013
In base 12, what is 1106 + 4a46?
5b50
In base 7, what is 0 - 2140110321?
-2140110321
In base 2, what is -10